{"id":8297,"date":"2024-02-01T08:51:45","date_gmt":"2024-02-01T08:51:45","guid":{"rendered":"https:\/\/fge.usthb.dz\/?page_id=8297"},"modified":"2026-02-08T20:59:05","modified_gmt":"2026-02-08T20:59:05","slug":"pv-de-notes-semestre-1-2023-2024","status":"publish","type":"page","link":"https:\/\/fge.usthb.dz\/index.php\/pv-de-notes-semestre-1-2023-2024\/","title":{"rendered":"PV de notes S1 2025\/2026"},"content":{"rendered":"\n<p><a href=\"https:\/\/drive.google.com\/drive\/folders\/1KVSz7gmdvEyX_EN6Zf2k_z7vK60lKRSv?usp=drive_link\">\u00a0Les PVs de d\u00e9lib\u00e9ration du semestre 1, session 1 de l\u2019ann\u00e9e universitaire 2025\u20132026<\/a><\/p>\n\n\n\n<p><a href=\"https:\/\/fge.usthb.dz\/index.php\/departement-electronique-2\/\">D\u00e9partement \u00c9lectronique<\/a><\/p>\n\n\n\n<p><a href=\"https:\/\/fge.usthb.dz\/index.php\/departement-automatique-2\/\">D\u00e9partement Automatique<\/a><\/p>\n\n\n\n<p><a href=\"https:\/\/fge.usthb.dz\/index.php\/departement-electrotechnique-2\/\">D\u00e9partement \u00c9lectrotechnique<\/a><\/p>\n\n\n\n<p><a href=\"https:\/\/fge.usthb.dz\/index.php\/departement-telecommunication-2\/\">D\u00e9partement T\u00e9l\u00e9communication<\/a><\/p>\n\n\n\n<p><\/p>\n","protected":false},"excerpt":{"rendered":"<p>\u00a0Les PVs de d\u00e9lib\u00e9ration du semestre 1, session 1 de <span class=\"readmore\"><a href=\"https:\/\/fge.usthb.dz\/index.php\/pv-de-notes-semestre-1-2023-2024\/\">Suite<\/a><\/span><\/p>\n","protected":false},"author":2,"featured_media":0,"parent":0,"menu_order":0,"comment_status":"closed","ping_status":"closed","template":"","meta":{"footnotes":""},"class_list":["post-8297","page","type-page","status-publish","hentry"],"_links":{"self":[{"href":"https:\/\/fge.usthb.dz\/index.php\/wp-json\/wp\/v2\/pages\/8297","targetHints":{"allow":["GET"]}}],"collection":[{"href":"https:\/\/fge.usthb.dz\/index.php\/wp-json\/wp\/v2\/pages"}],"about":[{"href":"https:\/\/fge.usthb.dz\/index.php\/wp-json\/wp\/v2\/types\/page"}],"author":[{"embeddable":true,"href":"https:\/\/fge.usthb.dz\/index.php\/wp-json\/wp\/v2\/users\/2"}],"replies":[{"embeddable":true,"href":"https:\/\/fge.usthb.dz\/index.php\/wp-json\/wp\/v2\/comments?post=8297"}],"version-history":[{"count":14,"href":"https:\/\/fge.usthb.dz\/index.php\/wp-json\/wp\/v2\/pages\/8297\/revisions"}],"predecessor-version":[{"id":12306,"href":"https:\/\/fge.usthb.dz\/index.php\/wp-json\/wp\/v2\/pages\/8297\/revisions\/12306"}],"wp:attachment":[{"href":"https:\/\/fge.usthb.dz\/index.php\/wp-json\/wp\/v2\/media?parent=8297"}],"curies":[{"name":"wp","href":"https:\/\/api.w.org\/{rel}","templated":true}]}}