{"id":7662,"date":"2023-10-24T13:27:02","date_gmt":"2023-10-24T13:27:02","guid":{"rendered":"https:\/\/fge.usthb.dz\/?page_id=7662"},"modified":"2023-10-25T09:49:08","modified_gmt":"2023-10-25T09:49:08","slug":"references","status":"publish","type":"page","link":"https:\/\/fge.usthb.dz\/index.php\/references\/","title":{"rendered":"R\u00e9f\u00e9rences"},"content":{"rendered":"\n<ul class=\"wp-block-list\">\n<li>Start up Hall USTHB 2023<\/li>\n<\/ul>\n\n\n\n<figure class=\"wp-block-embed is-type-video is-provider-youtube wp-block-embed-youtube wp-embed-aspect-16-9 wp-has-aspect-ratio\"><div class=\"wp-block-embed__wrapper\">\n<iframe loading=\"lazy\" title=\"Start up Hall  USTHB 2023 \u062c\u0627\u0645\u0639\u0629 \u0647\u0648\u0627\u0631\u064a \u0628\u0648\u0645\u062f\u064a\u0646 \u0644\u0644\u0639\u0644\u0648\u0645 \u0648\u0627\u0644\u062a\u0643\u0646\u0648\u0644\u0648\u062c\u064a\u0627\" width=\"829\" height=\"466\" src=\"https:\/\/www.youtube.com\/embed\/dJC5vOGOxTM?feature=oembed\" frameborder=\"0\" allow=\"accelerometer; autoplay; clipboard-write; encrypted-media; gyroscope; picture-in-picture; web-share\" allowfullscreen><\/iframe>\n<\/div><\/figure>\n\n\n\n<ul class=\"wp-block-list\">\n<li>Comment avoir un Dipl\u00f4me \/ une Startup: <strong>USTHB TV<\/strong><\/li>\n<\/ul>\n\n\n\n<figure class=\"wp-block-embed is-type-video is-provider-youtube wp-block-embed-youtube wp-embed-aspect-16-9 wp-has-aspect-ratio\"><div class=\"wp-block-embed__wrapper\">\n<iframe loading=\"lazy\" title=\"Comment avoir un Dipl\u00f4me \/ une Startup\" width=\"829\" height=\"466\" src=\"https:\/\/www.youtube.com\/embed\/qw4syLnfDKs?feature=oembed\" frameborder=\"0\" allow=\"accelerometer; autoplay; clipboard-write; encrypted-media; gyroscope; picture-in-picture; web-share\" allowfullscreen><\/iframe>\n<\/div><\/figure>\n\n\n\n<ul class=\"wp-block-list\">\n<li><a href=\"https:\/\/www.instagram.com\/project.initiative.usthb\/?hl=fr\"><strong>Project initiative UST<\/strong>HB<\/a><\/li>\n\n\n\n<li><a href=\"https:\/\/mail.usthb.dz\/mail\/?_task=mail&amp;_frame=1&amp;_mbox=INBOX&amp;_uid=81&amp;_part=1&amp;_action=get&amp;_extwin=1\">Guide du projet startup<\/a><\/li>\n\n\n\n<li>Portail national des startups:<\/li>\n<\/ul>\n\n\n\n<figure class=\"wp-block-embed is-type-wp-embed is-provider-startup-dz wp-block-embed-startup-dz\"><div class=\"wp-block-embed__wrapper\">\n<blockquote class=\"wp-embedded-content\" data-secret=\"Yuzc0nuNOf\"><a href=\"https:\/\/startup.dz\/\">Accueil<\/a><\/blockquote><iframe loading=\"lazy\" class=\"wp-embedded-content\" sandbox=\"allow-scripts\" security=\"restricted\" style=\"position: absolute; clip: rect(1px, 1px, 1px, 1px);\" title=\"\u00ab\u00a0Accueil\u00a0\u00bb &#8212; Startup.dz\" src=\"https:\/\/startup.dz\/embed\/#?secret=cvv5zmzlAd#?secret=Yuzc0nuNOf\" data-secret=\"Yuzc0nuNOf\" width=\"600\" height=\"338\" frameborder=\"0\" marginwidth=\"0\" marginheight=\"0\" scrolling=\"no\"><\/iframe>\n<\/div><\/figure>\n\n\n\n<ul class=\"wp-block-list\">\n<li>La plateforme num\u00e9rique d\u00e9nomm\u00e9e <strong>IBTIKAR<\/strong><\/li>\n<\/ul>\n\n\n\n<p><a href=\"http:\/\/ibtikar.dgrsdt.dz\/\"><strong>http:\/\/ibtikar.dgrsdt.dz\/<\/strong><\/a><\/p>\n","protected":false},"excerpt":{"rendered":"<p>http:\/\/ibtikar.dgrsdt.dz\/<\/p>\n","protected":false},"author":2,"featured_media":0,"parent":0,"menu_order":0,"comment_status":"closed","ping_status":"closed","template":"","meta":{"footnotes":""},"class_list":["post-7662","page","type-page","status-publish","hentry"],"_links":{"self":[{"href":"https:\/\/fge.usthb.dz\/index.php\/wp-json\/wp\/v2\/pages\/7662","targetHints":{"allow":["GET"]}}],"collection":[{"href":"https:\/\/fge.usthb.dz\/index.php\/wp-json\/wp\/v2\/pages"}],"about":[{"href":"https:\/\/fge.usthb.dz\/index.php\/wp-json\/wp\/v2\/types\/page"}],"author":[{"embeddable":true,"href":"https:\/\/fge.usthb.dz\/index.php\/wp-json\/wp\/v2\/users\/2"}],"replies":[{"embeddable":true,"href":"https:\/\/fge.usthb.dz\/index.php\/wp-json\/wp\/v2\/comments?post=7662"}],"version-history":[{"count":10,"href":"https:\/\/fge.usthb.dz\/index.php\/wp-json\/wp\/v2\/pages\/7662\/revisions"}],"predecessor-version":[{"id":7724,"href":"https:\/\/fge.usthb.dz\/index.php\/wp-json\/wp\/v2\/pages\/7662\/revisions\/7724"}],"wp:attachment":[{"href":"https:\/\/fge.usthb.dz\/index.php\/wp-json\/wp\/v2\/media?parent=7662"}],"curies":[{"name":"wp","href":"https:\/\/api.w.org\/{rel}","templated":true}]}}