{"id":61,"date":"2022-01-24T10:12:59","date_gmt":"2022-01-24T10:12:59","guid":{"rendered":"http:\/\/193.194.89.192\/?page_id=61"},"modified":"2026-02-09T11:37:30","modified_gmt":"2026-02-09T11:37:30","slug":"stage","status":"publish","type":"page","link":"https:\/\/fge.usthb.dz\/index.php\/stage\/","title":{"rendered":"Cellule de Stages"},"content":{"rendered":"\n<p><strong>Avis aux \u00e9tudiants de la Facult\u00e9 de G\u00e9nie \u00c9lectrique<\/strong><\/p>\n\n\n\n<p>Nous informons les \u00e9tudiants de L3 et de M2 que le site officiel d\u00e9di\u00e9 aux stages est accessible \u00e0 l\u2019adresse suivante :<a href=\"https:\/\/campus360.fgeservice.net\/Globale\/service_stage.php\">https:\/\/campus360.fgeservice.net\/Globale\/service_stage.php<\/a>. Toutes les d\u00e9marches li\u00e9es aux demandes et aux conventions de stage doivent \u00eatre effectu\u00e9es exclusivement via cette plateforme officielle. Toute demande r\u00e9alis\u00e9e en dehors de ce site ne sera pas prise en compte.<\/p>\n\n\n\n<p><\/p>\n\n\n\n<p><\/p>\n\n\n\n<p><\/p>\n\n\n\n<p class=\"has-text-color\" style=\"color:#9500a3\"><\/p>\n\n\n\n<p><\/p>\n\n\n\n<p><\/p>\n\n\n\n<p><\/p>\n","protected":false},"excerpt":{"rendered":"<p>Avis aux \u00e9tudiants de la Facult\u00e9 de G\u00e9nie \u00c9lectrique Nous <span class=\"readmore\"><a href=\"https:\/\/fge.usthb.dz\/index.php\/stage\/\">Suite<\/a><\/span><\/p>\n","protected":false},"author":1,"featured_media":0,"parent":0,"menu_order":0,"comment_status":"closed","ping_status":"closed","template":"","meta":{"footnotes":""},"class_list":["post-61","page","type-page","status-publish","hentry"],"_links":{"self":[{"href":"https:\/\/fge.usthb.dz\/index.php\/wp-json\/wp\/v2\/pages\/61","targetHints":{"allow":["GET"]}}],"collection":[{"href":"https:\/\/fge.usthb.dz\/index.php\/wp-json\/wp\/v2\/pages"}],"about":[{"href":"https:\/\/fge.usthb.dz\/index.php\/wp-json\/wp\/v2\/types\/page"}],"author":[{"embeddable":true,"href":"https:\/\/fge.usthb.dz\/index.php\/wp-json\/wp\/v2\/users\/1"}],"replies":[{"embeddable":true,"href":"https:\/\/fge.usthb.dz\/index.php\/wp-json\/wp\/v2\/comments?post=61"}],"version-history":[{"count":57,"href":"https:\/\/fge.usthb.dz\/index.php\/wp-json\/wp\/v2\/pages\/61\/revisions"}],"predecessor-version":[{"id":12324,"href":"https:\/\/fge.usthb.dz\/index.php\/wp-json\/wp\/v2\/pages\/61\/revisions\/12324"}],"wp:attachment":[{"href":"https:\/\/fge.usthb.dz\/index.php\/wp-json\/wp\/v2\/media?parent=61"}],"curies":[{"name":"wp","href":"https:\/\/api.w.org\/{rel}","templated":true}]}}