{"id":60,"date":"2022-01-24T10:12:59","date_gmt":"2022-01-24T10:12:59","guid":{"rendered":"http:\/\/193.194.89.192\/?page_id=60"},"modified":"2025-04-14T12:10:10","modified_gmt":"2025-04-14T12:10:10","slug":"laboratoires-de-recherche","status":"publish","type":"page","link":"https:\/\/fge.usthb.dz\/index.php\/laboratoires-de-recherche\/","title":{"rendered":"Laboratoires de Recherches"},"content":{"rendered":"\n<ul class=\"wp-block-list\">\n<li><a href=\"http:\/\/lcpts.usthb.dz\/\">Laboratoire de Communication Parl\u00e9e et Traitement du Signal (LCPTS)<\/a><\/li>\n\n\n\n<li><a href=\"http:\/\/lisic.usthb.dz\">Laboratoire d\u2019Ing\u00e9nierie des Syst\u00e8mes Intelligents et Communicants (LISIC)<\/a><\/li>\n\n\n\n<li><a href=\"http:\/\/ltir.usthb.dz\/\">Laboratoire de Traitement d\u2019Images et Rayonnement (LTIR)<\/a><\/li>\n\n\n\n<li><a href=\"http:\/\/lrpe.usthb.dz\/\">Laboratoire de Recherche en Robotique, Parall\u00e9lisme et syst\u00e8mes Embarqu\u00e9s(LRPE)<\/a><\/li>\n\n\n\n<li><a href=\"http:\/\/lsei.usthb.dz\/\">Laboratoire des Syst\u00e8mes Electriques et Industriels (LSEI)<\/a><\/li>\n\n\n\n<li><a href=\"http:\/\/LINS.usthb.dz\/\">Laboratoire d\u2019Instrumentations (LINS)<\/a><\/li>\n\n\n\n<li><a href=\"https:\/\/lcdep.usthb.dz\/\">Laboratoire Caract\u00e9risation et Diagnostic des Equipementsde Puissance(LCDEP)<\/a><\/li>\n<\/ul>\n","protected":false},"excerpt":{"rendered":"","protected":false},"author":1,"featured_media":0,"parent":0,"menu_order":0,"comment_status":"closed","ping_status":"closed","template":"","meta":{"footnotes":""},"class_list":["post-60","page","type-page","status-publish","hentry"],"_links":{"self":[{"href":"https:\/\/fge.usthb.dz\/index.php\/wp-json\/wp\/v2\/pages\/60","targetHints":{"allow":["GET"]}}],"collection":[{"href":"https:\/\/fge.usthb.dz\/index.php\/wp-json\/wp\/v2\/pages"}],"about":[{"href":"https:\/\/fge.usthb.dz\/index.php\/wp-json\/wp\/v2\/types\/page"}],"author":[{"embeddable":true,"href":"https:\/\/fge.usthb.dz\/index.php\/wp-json\/wp\/v2\/users\/1"}],"replies":[{"embeddable":true,"href":"https:\/\/fge.usthb.dz\/index.php\/wp-json\/wp\/v2\/comments?post=60"}],"version-history":[{"count":15,"href":"https:\/\/fge.usthb.dz\/index.php\/wp-json\/wp\/v2\/pages\/60\/revisions"}],"predecessor-version":[{"id":11633,"href":"https:\/\/fge.usthb.dz\/index.php\/wp-json\/wp\/v2\/pages\/60\/revisions\/11633"}],"wp:attachment":[{"href":"https:\/\/fge.usthb.dz\/index.php\/wp-json\/wp\/v2\/media?parent=60"}],"curies":[{"name":"wp","href":"https:\/\/api.w.org\/{rel}","templated":true}]}}