{"id":2020,"date":"2022-04-13T08:01:40","date_gmt":"2022-04-13T08:01:40","guid":{"rendered":"https:\/\/fge.usthb.dz\/?page_id=2020"},"modified":"2022-04-21T09:21:08","modified_gmt":"2022-04-21T09:21:08","slug":"detachement","status":"publish","type":"page","link":"https:\/\/fge.usthb.dz\/index.php\/detachement\/","title":{"rendered":"D\u00e9tachement"},"content":{"rendered":"\n<h3 class=\"wp-block-heading\"><strong>Conditions de d\u00e9tachement<\/strong><\/h3>\n\n\n\n<p>L\u2019ordonnance n\u00b006-03 du 19 Joumada Ethania 1427 correspondant au 15 juillet 2006 portant statut g\u00e9n\u00e9ral de la fonction publique d\u00e9finit dans ses articles 133 \u00c3&nbsp;138 les modalit\u00e9s de d\u00e9tachement.<\/p>\n\n\n\n<p><strong>Art. 133<\/strong>&nbsp;\u2013 Le d\u00e9tachement est la position du fonctionnaire qui, plac\u00e9 hors de son corps et\/ou de son administration d\u2019origine, continue \u00e0 b\u00e9n\u00e9ficier dans son corps au sein de l\u2019institution ou l\u2019administration publique dont il rel\u00e8ve, de ses droits \u00e0&nbsp;l\u2019anciennet\u00e9, \u00e0&nbsp;l\u2019avancement et \u00e0&nbsp;la retraite.<\/p>\n\n\n\n<p>Le d\u00e9tachement est r\u00e9vocable.<\/p>\n\n\n\n<p><strong>Art. 134<\/strong>&nbsp;\u2013 Le d\u00e9tachement du fonctionnaire est prononc\u00e9 de droit pour exercer&nbsp;:<\/p>\n\n\n\n<ul class=\"wp-block-list\"><li>Une fonction de membre du Gouvernement&nbsp;;<\/li><li>Un mandat \u00e9lectif permanent dans une institution nationale ou une collectivit\u00e9 territoriale&nbsp;;<\/li><li>Une fonction sup\u00e9rieure de l\u2019Etat ou un poste sup\u00e9rieur dans une autre institution ou administration publique&nbsp;;<\/li><li>Un mandat syndical permanent dans les conditions fix\u00e9es par la l\u00e9gislation en vigueur&nbsp;;<\/li><li>Pour suivre une formation pr\u00e9vue par les statuts particuliers&nbsp;;<\/li><li>Pour repr\u00e9senter l\u2019Etat aupr\u00e8s d\u2019institutions ou organismes internationaux&nbsp;;<\/li><li>Pour suivre une formation ou des \u00e9tudes, lorsque le fonctionnaire est d\u00e9sign\u00e9 par l\u2019institution ou l\u2019administration publique dont il rel\u00e8ve.<\/li><\/ul>\n\n\n\n<p><strong>Art. 135<\/strong>&nbsp;\u2013 Le d\u00e9tachement peut \u00eatre prononc\u00e9 \u00e0&nbsp;la demande du fonctionnaire pour exercer&nbsp;:<\/p>\n\n\n\n<ul class=\"wp-block-list\"><li>Aupr\u00e8s d\u2019une autre institution ou administration publique et\/ou dans un grade autre que son grade d\u2019origine&nbsp;;<\/li><li>Des fonctions de direction aupr\u00e8s d\u2019entreprises ou d\u2019organismes dans lesquels l\u2019Etat d\u00e9tient tout ou partie du capital&nbsp;;<\/li><li>Une mission au titre de la coop\u00e9ration ou aupr\u00e8s d\u2019institutions ou d\u2019organismes internationaux.<\/li><\/ul>\n\n\n\n<p><strong>Art. 136<\/strong>&nbsp;\u2013 Le d\u00e9tachement est consacr\u00e9 par un acte administratif individuel pris par la ou les autorit\u00e9s habilit\u00e9es et prononc\u00e9 pour une dur\u00e9e minimale de six (6) mois et une dur\u00e9e maximale de cinq (5) ans.<\/p>\n\n\n\n<p>Toutefois, la dur\u00e9e du d\u00e9tachement pour les cas pr\u00e9vus \u00e0&nbsp;l\u2019article 134 ci-dessus est \u00e9gale \u00e0 celle de la fonction, du mandat, de la formation ou des \u00e9tudes pour lesquels le d\u00e9tachement a \u00e9t\u00e9 prononc\u00e9.<\/p>\n\n\n\n<p><strong>Art. 137<\/strong>&nbsp;\u2013 Le fonctionnaire mis en position de d\u00e9tachement est soumis aux r\u00e8gles r\u00e9gissant l\u2019emploi dans lequel il est d\u00e9tach\u00e9.<\/p>\n\n\n\n<p>Le fonctionnaire d\u00e9tach\u00e9 est \u00e9valu\u00e9 et r\u00e9mun\u00e9r\u00e9 par l\u2019institution ou l\u2019administration publique, l\u2019entreprise ou l\u2019organisme aupr\u00e8s duquel il est d\u00e9tach\u00e9.<\/p>\n\n\n\n<p>Toutefois, le fonctionnaire d\u00e9tach\u00e9 pour effectuer une formation ou des \u00e9tudes, peut \u00eatre r\u00e9mun\u00e9r\u00e9 par l\u2019institution ou l\u2019administration publique \u00e0&nbsp;laquelle il appartient.<\/p>\n\n\n\n<p><strong>Art. 138<\/strong>&nbsp;\u2013 A l\u2019expiration de son d\u00e9tachement, le fonctionnaire est r\u00e9int\u00e9gr\u00e9 de plein droit dans son grade d\u2019origine, m\u00eame en surnombre.<\/p>\n\n\n\n<h3 class=\"wp-block-heading\"><strong>Constitution du dossier<\/strong><\/h3>\n\n\n\n<ul class=\"wp-block-list\"><li>Une demande adress\u00e9e au pr\u00e9sident du conseil scientifique au cours de la session ordinaire du CSF\u00a0<a href=\"https:\/\/fge.usthb.dz\/index.php\/calendrier-des-sessions\/\">(Voir calendrier des sessions)<\/a><\/li><li>Copies des documents justifiant le d\u00e9tachement.<\/li><li>La demande de d\u00e9tachement doit suivre la voie hi\u00e9rarchique.<\/li><\/ul>\n","protected":false},"excerpt":{"rendered":"<p>Conditions de d\u00e9tachement L\u2019ordonnance n\u00b006-03 du 19 Joumada Ethania 1427 <span class=\"readmore\"><a href=\"https:\/\/fge.usthb.dz\/index.php\/detachement\/\">Suite<\/a><\/span><\/p>\n","protected":false},"author":2,"featured_media":0,"parent":0,"menu_order":0,"comment_status":"closed","ping_status":"closed","template":"","meta":{"footnotes":""},"class_list":["post-2020","page","type-page","status-publish","hentry"],"_links":{"self":[{"href":"https:\/\/fge.usthb.dz\/index.php\/wp-json\/wp\/v2\/pages\/2020","targetHints":{"allow":["GET"]}}],"collection":[{"href":"https:\/\/fge.usthb.dz\/index.php\/wp-json\/wp\/v2\/pages"}],"about":[{"href":"https:\/\/fge.usthb.dz\/index.php\/wp-json\/wp\/v2\/types\/page"}],"author":[{"embeddable":true,"href":"https:\/\/fge.usthb.dz\/index.php\/wp-json\/wp\/v2\/users\/2"}],"replies":[{"embeddable":true,"href":"https:\/\/fge.usthb.dz\/index.php\/wp-json\/wp\/v2\/comments?post=2020"}],"version-history":[{"count":2,"href":"https:\/\/fge.usthb.dz\/index.php\/wp-json\/wp\/v2\/pages\/2020\/revisions"}],"predecessor-version":[{"id":2111,"href":"https:\/\/fge.usthb.dz\/index.php\/wp-json\/wp\/v2\/pages\/2020\/revisions\/2111"}],"wp:attachment":[{"href":"https:\/\/fge.usthb.dz\/index.php\/wp-json\/wp\/v2\/media?parent=2020"}],"curies":[{"name":"wp","href":"https:\/\/api.w.org\/{rel}","templated":true}]}}