{"id":1954,"date":"2022-04-11T08:45:02","date_gmt":"2022-04-11T08:45:02","guid":{"rendered":"https:\/\/fge.usthb.dz\/?page_id=1954"},"modified":"2022-04-11T08:55:17","modified_gmt":"2022-04-11T08:55:17","slug":"modalites-de-soutenance","status":"publish","type":"page","link":"https:\/\/fge.usthb.dz\/index.php\/modalites-de-soutenance\/","title":{"rendered":"Modalit\u00e9s de Soutenance"},"content":{"rendered":"\n<p><strong>Soutenance de m\u00e9moire de Magister<\/strong><\/p>\n\n\n\n<p><strong>Conditions de soutenance<\/strong><\/p>\n\n\n\n<ul class=\"wp-block-list\"><li>Un rapport de soutenance vi\u00e9 par le directeur de m\u00e9moire (T\u00e9l\u00e9charger canevas du rapport)<\/li><\/ul>\n\n\n\n<p><strong>Composition du jury<\/strong><\/p>\n\n\n\n<ul class=\"wp-block-list\"><li>Trois (3) \u00e0&nbsp;cinq (5) membres (Professeur, Maitre de conf\u00e9rences classe A, Maitre de recherche classe A, Directeur de recherche)<\/li><\/ul>\n\n\n\n<p><strong>Dossier de soutenance<\/strong><\/p>\n\n\n\n<p><strong>Soutenance de th\u00e8se de Doctorat<\/strong><\/p>\n\n\n\n<p><strong>Conditions de soutenance<\/strong><\/p>\n\n\n\n<ul class=\"wp-block-list\"><li>Quatre (4) inscriptions au minimum<\/li><li>Un rapport favorable du directeur de th\u00e8se<\/li><li>Une publication dans une revue de renomm\u00e9e \u00e9tablie<\/li><li>Des communications scientifiques<\/li><\/ul>\n\n\n\n<p><strong>Composition du jury<\/strong><\/p>\n\n\n\n<ul class=\"wp-block-list\"><li>Cinq (5) \u00e0&nbsp;huit (8) membres (Professeur, Maitre de conf\u00e9rences classe A, Directeur de recherche, Maitre de recherche classe A)<\/li><li>Au moins 50% des membres hors USTHB<\/li><li>Membre invit\u00e9 (sp\u00e9cialiste de haut niveau)<\/li><\/ul>\n\n\n\n<p><strong>Dossier de soutenance<\/strong><\/p>\n\n\n\n<ul class=\"wp-block-list\"><li>Rapport de soutenance visa par le directeur de th\u00e8se <a href=\"https:\/\/fge.usthb.dz\/wp-content\/uploads\/2022\/04\/Rapport_Soutenance.doc\">(T\u00e9l\u00e9charger canevas)<\/a><\/li><\/ul>\n\n\n\n<p><\/p>\n","protected":false},"excerpt":{"rendered":"<p>Soutenance de m\u00e9moire de Magister Conditions de soutenance Un rapport <span class=\"readmore\"><a href=\"https:\/\/fge.usthb.dz\/index.php\/modalites-de-soutenance\/\">Suite<\/a><\/span><\/p>\n","protected":false},"author":2,"featured_media":0,"parent":0,"menu_order":0,"comment_status":"closed","ping_status":"closed","template":"","meta":{"footnotes":""},"class_list":["post-1954","page","type-page","status-publish","hentry"],"_links":{"self":[{"href":"https:\/\/fge.usthb.dz\/index.php\/wp-json\/wp\/v2\/pages\/1954","targetHints":{"allow":["GET"]}}],"collection":[{"href":"https:\/\/fge.usthb.dz\/index.php\/wp-json\/wp\/v2\/pages"}],"about":[{"href":"https:\/\/fge.usthb.dz\/index.php\/wp-json\/wp\/v2\/types\/page"}],"author":[{"embeddable":true,"href":"https:\/\/fge.usthb.dz\/index.php\/wp-json\/wp\/v2\/users\/2"}],"replies":[{"embeddable":true,"href":"https:\/\/fge.usthb.dz\/index.php\/wp-json\/wp\/v2\/comments?post=1954"}],"version-history":[{"count":4,"href":"https:\/\/fge.usthb.dz\/index.php\/wp-json\/wp\/v2\/pages\/1954\/revisions"}],"predecessor-version":[{"id":1962,"href":"https:\/\/fge.usthb.dz\/index.php\/wp-json\/wp\/v2\/pages\/1954\/revisions\/1962"}],"wp:attachment":[{"href":"https:\/\/fge.usthb.dz\/index.php\/wp-json\/wp\/v2\/media?parent=1954"}],"curies":[{"name":"wp","href":"https:\/\/api.w.org\/{rel}","templated":true}]}}