{"id":1360,"date":"2022-03-22T12:09:08","date_gmt":"2022-03-22T12:09:08","guid":{"rendered":"https:\/\/fge.usthb.dz\/?page_id=1360"},"modified":"2025-10-06T13:24:00","modified_gmt":"2025-10-06T13:24:00","slug":"master","status":"publish","type":"page","link":"https:\/\/fge.usthb.dz\/index.php\/master\/","title":{"rendered":"Master"},"content":{"rendered":"\n<p><strong>Masters&nbsp;:<\/strong> La facult\u00e9 propose une suite de Masters, dont l\u2019entr\u00e9e est s\u00e9lective sur la base d\u2019\u00e9tude de dossiers par la commission Masters et de crit\u00e8res normalis\u00e9s par le conseil de direction de l\u2019USTHB.<\/p>\n\n\n\n<p class=\"has-text-color\" style=\"color:#6000a3\">D\u00e9partement \u00c9lectrotechnique<\/p>\n\n\n\n<ul class=\"wp-block-list\">\n<li><a href=\"https:\/\/fge.usthb.dz\/wp-content\/uploads\/2025\/10\/ELT-Electrotechnique-industrielle_MAJ_Mai_-2025.pdf\">Master Electrotechnique Industrielle EI<\/a><\/li>\n\n\n\n<li><a href=\"https:\/\/fge.usthb.dz\/wp-content\/uploads\/2025\/10\/ELT_Energies_Renouvelables_Electrotechnique_MAJ_2025.pdf\">Master Energies Renouvelables \u00c9lectrotechnique ERE<\/a><\/li>\n\n\n\n<li><a href=\"https:\/\/fge.usthb.dz\/wp-content\/uploads\/2025\/10\/ELT-Machines-Electriques_MAJ-2025.pdf\">Master Machines \u00e9lectriques ME<\/a><\/li>\n\n\n\n<li><a href=\"https:\/\/fge.usthb.dz\/wp-content\/uploads\/2025\/10\/Master-PRO_GSIT_USTHB_Genie-des-Systemes-Industriel-et-Tertiaire-Final-2025.pdf\">Master Genie des Syst\u00e8mes Industriel et Tertiaire (PRO) GSIT<\/a><\/li>\n\n\n\n<li><a href=\"https:\/\/fge.usthb.dz\/wp-content\/uploads\/2025\/10\/ELT-Reseaux-Electriques_MAJ_2025.pdf\">Master R\u00e9seaux \u00c9lectriques RE<\/a><\/li>\n<\/ul>\n\n\n\n<p class=\"has-text-color\" style=\"color:#7600a3\">D\u00e9partement T\u00e9l\u00e9communication<\/p>\n\n\n\n<ul class=\"wp-block-list\">\n<li><a href=\"https:\/\/fge.usthb.dz\/wp-content\/uploads\/2025\/10\/Copie-de-Master-Reseaux-et-Telecommunications_MAJ-2025_-1.pdf\">Master R\u00e9seaux et T\u00e9l\u00e9communications RT<\/a><\/li>\n\n\n\n<li><a href=\"https:\/\/fge.usthb.dz\/wp-content\/uploads\/2025\/10\/Copie-de-Master-Systemes-des-Telecommunications_MAJ-2025_.pdf\">Master Syst\u00e8mes de T\u00e9l\u00e9communications ST<\/a><\/li>\n\n\n\n<li><a href=\"https:\/\/fge.usthb.dz\/wp-content\/uploads\/2023\/12\/programme-Master_Reseaux-Radio-Mobiles-RRM_2022.pdf\">Master Reseau Radio Mobiles RRM<\/a><\/li>\n\n\n\n<li><a href=\"https:\/\/fge.usthb.dz\/wp-content\/uploads\/2025\/10\/Copie-de-Master-Systemes-Intelligents-de-Protection-et-de-Neutralisation-dObjets-Mobiles.pdf\">Syst\u00e8mes intelligents de protection et de neutralisation d\u2019objets mobiles<\/a><\/li>\n<\/ul>\n\n\n\n<p class=\"has-text-color\" style=\"color:#6d00a3\">D\u00e9partement \u00c9lectronique<\/p>\n\n\n\n<ul class=\"wp-block-list\">\n<li><a href=\"https:\/\/fge.usthb.dz\/wp-content\/uploads\/2025\/09\/ELN_Electronique_des_systemes_embarques_MAJ_2025.pdf\">Master Electronique des Syst\u00e9mes Embarqu\u00e9s ESE<\/a><\/li>\n\n\n\n<li><a href=\"https:\/\/fge.usthb.dz\/wp-content\/uploads\/2025\/09\/ELN_Instrumentation_MAJ-2025.pdf\">Master Instrumentation INST<\/a><\/li>\n<\/ul>\n\n\n\n<p class=\"has-text-color\" style=\"color:#7200a3\">D\u00e9partement Automatique<\/p>\n\n\n\n<ul class=\"wp-block-list\">\n<li><a href=\"https:\/\/fge.usthb.dz\/wp-content\/uploads\/2025\/10\/AUTO-Automatique-et-systemes-MAJ-2025-1.pdf\">Master Automatique et Syst\u00e9mes AS<\/a><\/li>\n\n\n\n<li><a href=\"https:\/\/fge.usthb.dz\/wp-content\/uploads\/2025\/10\/AUTO-Automatisation-Industrie-et-Process-MAJ-2025.pdf\">Master Automatisation Industrie et Process AIP<\/a><\/li>\n\n\n\n<li><a href=\"https:\/\/fge.usthb.dz\/wp-content\/uploads\/2025\/10\/AUTO-Automatique-et-Informatique-Industrielle-MAJ-2025.pdf\">Master Automatique et Informatique Industrielle (AII) \u00e0 Distance<\/a><\/li>\n<\/ul>\n\n\n\n<p><\/p>\n\n\n\n<p><\/p>\n\n\n\n<p><\/p>\n","protected":false},"excerpt":{"rendered":"<p>Masters&nbsp;: La facult\u00e9 propose une suite de Masters, dont l\u2019entr\u00e9e <span class=\"readmore\"><a href=\"https:\/\/fge.usthb.dz\/index.php\/master\/\">Suite<\/a><\/span><\/p>\n","protected":false},"author":2,"featured_media":0,"parent":0,"menu_order":0,"comment_status":"closed","ping_status":"closed","template":"","meta":{"footnotes":""},"class_list":["post-1360","page","type-page","status-publish","hentry"],"_links":{"self":[{"href":"https:\/\/fge.usthb.dz\/index.php\/wp-json\/wp\/v2\/pages\/1360","targetHints":{"allow":["GET"]}}],"collection":[{"href":"https:\/\/fge.usthb.dz\/index.php\/wp-json\/wp\/v2\/pages"}],"about":[{"href":"https:\/\/fge.usthb.dz\/index.php\/wp-json\/wp\/v2\/types\/page"}],"author":[{"embeddable":true,"href":"https:\/\/fge.usthb.dz\/index.php\/wp-json\/wp\/v2\/users\/2"}],"replies":[{"embeddable":true,"href":"https:\/\/fge.usthb.dz\/index.php\/wp-json\/wp\/v2\/comments?post=1360"}],"version-history":[{"count":71,"href":"https:\/\/fge.usthb.dz\/index.php\/wp-json\/wp\/v2\/pages\/1360\/revisions"}],"predecessor-version":[{"id":11755,"href":"https:\/\/fge.usthb.dz\/index.php\/wp-json\/wp\/v2\/pages\/1360\/revisions\/11755"}],"wp:attachment":[{"href":"https:\/\/fge.usthb.dz\/index.php\/wp-json\/wp\/v2\/media?parent=1360"}],"curies":[{"name":"wp","href":"https:\/\/api.w.org\/{rel}","templated":true}]}}