{"id":1348,"date":"2022-03-22T10:53:17","date_gmt":"2022-03-22T10:53:17","guid":{"rendered":"https:\/\/fge.usthb.dz\/?page_id=1348"},"modified":"2025-01-05T14:02:16","modified_gmt":"2025-01-05T14:02:16","slug":"doctorat","status":"publish","type":"page","link":"https:\/\/fge.usthb.dz\/index.php\/doctorat\/","title":{"rendered":"Doctorat"},"content":{"rendered":"\n<p><a href=\"https:\/\/fge.usthb.dz\/index.php\/doctorat-3\/\">Placard concours doctorat 2024-2025<\/a><\/p>\n\n\n\n<p class=\"has-text-color\" style=\"color:#451878\"><strong>DOSSIER DE PREMIERE INSCRIPTION EN DOCTORAT<\/strong><\/p>\n\n\n\n<p class=\"has-text-color\" style=\"color:#a41b00\"><strong>PIECES ADMINISTRATIVES&nbsp;:<\/strong><\/p>\n\n\n\n<p>1)-Une demande d\u2019Inscription \u00e0 remplir au niveau du service de la Post Graduation <a href=\"https:\/\/fge.usthb.dz\/wp-content\/uploads\/2022\/04\/demandeinscriptiondoctoratfeiusthb.doc\">(T\u00e9l\u00e9charger)<\/a><\/p>\n\n\n\n<p>2)-Photocopies du Baccalaur\u00e9at, de la Licence et du Master ou copie de l\u2019attestation d\u2019\u00e9quivalence pour les dipl\u00f4mes \u00e9trangers.<\/p>\n\n\n\n<p>3)-Original du Dipl\u00f4me de Master<\/p>\n\n\n\n<p>4)-Un extrait de naissance<\/p>\n\n\n\n<p>5)-Deux Photos d\u2019identit\u00e9 (r\u00e9centes)<\/p>\n\n\n\n<p>6)-Une enveloppe timbr\u00e9e libell\u00e9e \u00e0 l\u2019adresse du candidat<\/p>\n\n\n\n<p>7)-R\u00e9c\u00e9piss\u00e9 portant paiement des droits d\u2019Inscription de 200 DA<\/p>\n\n\n\n<p>8)-Autorisation de l\u2019employeur pour les candidats salari\u00e9s, ou certificat de non affiliation \u00e0 la CNAS pour les candidats non-salari\u00e9s <a href=\"https:\/\/fge.usthb.dz\/wp-content\/uploads\/2022\/04\/Demande_Inscription_Hors_USTHB-1.doc\">(T\u00e9l\u00e9charger)<\/a><\/p>\n\n\n\n<p class=\"has-text-color\" style=\"color:#a32323\"><strong>DOSSIER SCIENTIFIQUE&nbsp;: Documents \u00e0 fournir apr\u00e8s le choix du sujet de th\u00e8se<\/strong><\/p>\n\n\n\n<p>1)-Une autorisation d\u2019Inscription en Post Graduation <a href=\"https:\/\/fge.usthb.dz\/wp-content\/uploads\/2022\/04\/Autorisation_Inscription-1.doc\">(T\u00e9l\u00e9charger)<\/a><\/p>\n\n\n\n<p>2)-Fiche d\u2019Identification du sujet <a href=\"https:\/\/fge.usthb.dz\/wp-content\/uploads\/2022\/04\/Identification_Sujet-1.doc\">(T\u00e9l\u00e9charger)<\/a> .<\/p>\n\n\n\n<p class=\"has-text-color\" style=\"color:#aa0b0b\"><strong>Apr\u00e8s Validation par le conseil Scientifique de la Facult\u00e9&nbsp;:<\/strong><\/p>\n\n\n\n<p>1)-Extrait de PV du Conseil scientifique ayant statu\u00e9 la premi\u00e8re inscription.<\/p>\n\n\n\n<p><\/p>\n\n\n\n<p><\/p>\n\n\n\n<p><\/p>\n\n\n\n<p><\/p>\n\n\n\n<p><\/p>\n\n\n\n<p><\/p>\n\n\n\n<p><\/p>\n\n\n\n<p><\/p>\n\n\n\n<p><\/p>\n\n\n\n<p><\/p>\n\n\n\n<p><\/p>\n\n\n\n<p><\/p>\n\n\n\n<p><\/p>\n\n\n\n<p><\/p>\n\n\n\n<p><\/p>\n","protected":false},"excerpt":{"rendered":"<p>Placard concours doctorat 2024-2025 DOSSIER DE PREMIERE INSCRIPTION EN DOCTORAT <span class=\"readmore\"><a href=\"https:\/\/fge.usthb.dz\/index.php\/doctorat\/\">Suite<\/a><\/span><\/p>\n","protected":false},"author":2,"featured_media":0,"parent":0,"menu_order":0,"comment_status":"closed","ping_status":"closed","template":"","meta":{"footnotes":""},"class_list":["post-1348","page","type-page","status-publish","hentry"],"_links":{"self":[{"href":"https:\/\/fge.usthb.dz\/index.php\/wp-json\/wp\/v2\/pages\/1348","targetHints":{"allow":["GET"]}}],"collection":[{"href":"https:\/\/fge.usthb.dz\/index.php\/wp-json\/wp\/v2\/pages"}],"about":[{"href":"https:\/\/fge.usthb.dz\/index.php\/wp-json\/wp\/v2\/types\/page"}],"author":[{"embeddable":true,"href":"https:\/\/fge.usthb.dz\/index.php\/wp-json\/wp\/v2\/users\/2"}],"replies":[{"embeddable":true,"href":"https:\/\/fge.usthb.dz\/index.php\/wp-json\/wp\/v2\/comments?post=1348"}],"version-history":[{"count":20,"href":"https:\/\/fge.usthb.dz\/index.php\/wp-json\/wp\/v2\/pages\/1348\/revisions"}],"predecessor-version":[{"id":10629,"href":"https:\/\/fge.usthb.dz\/index.php\/wp-json\/wp\/v2\/pages\/1348\/revisions\/10629"}],"wp:attachment":[{"href":"https:\/\/fge.usthb.dz\/index.php\/wp-json\/wp\/v2\/media?parent=1348"}],"curies":[{"name":"wp","href":"https:\/\/api.w.org\/{rel}","templated":true}]}}