{"id":11285,"date":"2025-07-11T21:10:55","date_gmt":"2025-07-11T21:10:55","guid":{"rendered":"https:\/\/fge.usthb.dz\/?page_id=11285"},"modified":"2025-07-12T14:46:51","modified_gmt":"2025-07-12T14:46:51","slug":"orientation-2025-2026","status":"publish","type":"page","link":"https:\/\/fge.usthb.dz\/index.php\/orientation-2025-2026\/","title":{"rendered":"Orientation 2025-2026"},"content":{"rendered":"\n<p>r\u00e9sultats d&#8217;orientation des \u00e9tudiants L3 en master 2025<\/p>\n\n\n\n<p>D\u00e9partement Automatique<\/p>\n\n\n\n<p><br><a href=\"https:\/\/fge.usthb.dz\/wp-content\/uploads\/2025\/07\/orientation1_merged.pdf\">Master Automatique et Syst\u00e8mes (AS)<\/a><\/p>\n\n\n\n<p><a href=\"https:\/\/fge.usthb.dz\/wp-content\/uploads\/2025\/07\/AIP1_AIP2_merged.pdf\">Master Automatisation Industrie et Process (AIP)<\/a><\/p>\n\n\n\n<p><a href=\"https:\/\/fge.usthb.dz\/wp-content\/uploads\/2025\/07\/AII1_AII3_merged-1.pdf\">Master Automatique et Informatique Industrielle (AII) \u00e0 distance<\/a><\/p>\n\n\n\n<p>D\u00e9partement Electronique<\/p>\n\n\n\n<p><a href=\"https:\/\/fge.usthb.dz\/wp-content\/uploads\/2025\/07\/instr.pdf\"> Master Instrumentation (INST)<\/a><\/p>\n\n\n\n<p><a href=\"https:\/\/fge.usthb.dz\/wp-content\/uploads\/2025\/07\/ESE.pdf\">Master Electronique des Syst\u00e8mes Embarqu\u00e9s (ESE)<\/a><\/p>\n\n\n\n<p>D\u00e9partement Electrotechnique<\/p>\n\n\n\n<p><a href=\"https:\/\/fge.usthb.dz\/wp-content\/uploads\/2025\/07\/RE.pdf\">Master R\u00e9seaux Electriques (RE)<\/a><\/p>\n\n\n\n<p><a href=\"https:\/\/fge.usthb.dz\/wp-content\/uploads\/2025\/07\/EI.pdf\">Master Electrotechnique Industrielle (EI)<\/a><\/p>\n\n\n\n<p><a href=\"https:\/\/fge.usthb.dz\/wp-content\/uploads\/2025\/07\/GSIT.pdf\">Master G\u00e9nie des Syst\u00e8mes Industriels et Tertiaires (GSIT)<\/a><\/p>\n\n\n\n<p>D\u00e9partement T\u00e9l\u00e9communication<\/p>\n\n\n\n<p><a href=\"https:\/\/fge.usthb.dz\/wp-content\/uploads\/2025\/07\/ST.pdf\">Master Syst\u00e8mes de T\u00e9l\u00e9communications (ST)<\/a><\/p>\n\n\n\n<p><a href=\"https:\/\/fge.usthb.dz\/wp-content\/uploads\/2025\/07\/RT.pdf\">\u00a0\u00a0 Master R\u00e9seaux de T\u00e9l\u00e9communications (RT)<\/a><\/p>\n","protected":false},"excerpt":{"rendered":"<p>r\u00e9sultats d&#8217;orientation des \u00e9tudiants L3 en master 2025 D\u00e9partement Automatique <span class=\"readmore\"><a href=\"https:\/\/fge.usthb.dz\/index.php\/orientation-2025-2026\/\">Suite<\/a><\/span><\/p>\n","protected":false},"author":2,"featured_media":11302,"parent":0,"menu_order":0,"comment_status":"closed","ping_status":"closed","template":"","meta":{"footnotes":""},"class_list":["post-11285","page","type-page","status-publish","has-post-thumbnail","hentry"],"_links":{"self":[{"href":"https:\/\/fge.usthb.dz\/index.php\/wp-json\/wp\/v2\/pages\/11285","targetHints":{"allow":["GET"]}}],"collection":[{"href":"https:\/\/fge.usthb.dz\/index.php\/wp-json\/wp\/v2\/pages"}],"about":[{"href":"https:\/\/fge.usthb.dz\/index.php\/wp-json\/wp\/v2\/types\/page"}],"author":[{"embeddable":true,"href":"https:\/\/fge.usthb.dz\/index.php\/wp-json\/wp\/v2\/users\/2"}],"replies":[{"embeddable":true,"href":"https:\/\/fge.usthb.dz\/index.php\/wp-json\/wp\/v2\/comments?post=11285"}],"version-history":[{"count":25,"href":"https:\/\/fge.usthb.dz\/index.php\/wp-json\/wp\/v2\/pages\/11285\/revisions"}],"predecessor-version":[{"id":11344,"href":"https:\/\/fge.usthb.dz\/index.php\/wp-json\/wp\/v2\/pages\/11285\/revisions\/11344"}],"wp:featuredmedia":[{"embeddable":true,"href":"https:\/\/fge.usthb.dz\/index.php\/wp-json\/wp\/v2\/media\/11302"}],"wp:attachment":[{"href":"https:\/\/fge.usthb.dz\/index.php\/wp-json\/wp\/v2\/media?parent=11285"}],"curies":[{"name":"wp","href":"https:\/\/api.w.org\/{rel}","templated":true}]}}