{"id":11213,"date":"2025-05-25T13:07:07","date_gmt":"2025-05-25T13:07:07","guid":{"rendered":"https:\/\/fge.usthb.dz\/?page_id=11213"},"modified":"2025-05-25T13:11:10","modified_gmt":"2025-05-25T13:11:10","slug":"fiche-de-voeux","status":"publish","type":"page","link":"https:\/\/fge.usthb.dz\/index.php\/fiche-de-voeux\/","title":{"rendered":"Fiche de v\u0153ux"},"content":{"rendered":"\n<p class=\"has-text-color has-link-color has-normal-font-size wp-elements-dc3c53ef2791242ab383d029ba32d4e3\" style=\"color:#6d0f2e\"><strong>Fiche de v\u0153ux Master M1 pour l&#8217;ann\u00e9e universitaire 2024\/2025<\/strong><\/p>\n\n\n\n<p>Tous les \u00e9tudiants L3 sont invit\u00e9s \u00e0 remplir cette fiche de voeux pour choisir la sp\u00e9cialit\u00e9 du master&nbsp;<\/p>\n\n\n\n<p>1. Chaque \u00e9tudiant doit remplir une seule fiche<\/p>\n\n\n\n<p>2. l&#8217;\u00e9tudiant doit choisir et classer obligatoirement les sp\u00e9cialit\u00e9s de la fili\u00e8re, ensuite il peut choisir comme option (non obligatoire) une seule sp\u00e9cialit\u00e9 hors fili\u00e8re.&nbsp;&nbsp;<\/p>\n\n\n\n<p>3. en cas o\u00f9 l&#8217;\u00e9tudiant envoie une deuxi\u00e8me fiche, cette derni\u00e8re ne sera pas prise en consid\u00e9ration et elle sera rejet\u00e9e.<\/p>\n\n\n\n<p>4. uniquement les \u00e9tudiants en L3 sont concern\u00e9s par cette op\u00e9ration.<\/p>\n\n\n\n<p>5. le dernier d\u00e9lai d&#8217;envoi de ce formulaire est fix\u00e9 pour le&nbsp; 06\/06\/2025 \u00e0 20h<br><br><a href=\"https:\/\/docs.google.com\/forms\/d\/1l-zR2yH4fBaeva2ZpKmDzCCNbs28gjJU66oM3oRighA\/edit\" target=\"_blank\" rel=\"noreferrer noopener\">Fiche de v\u0153ux Master M1 pour l&#8217;ann\u00e9e universitaire 2024\/2025<\/a><br><br><\/p>\n","protected":false},"excerpt":{"rendered":"<p>Fiche de v\u0153ux Master M1 pour l&#8217;ann\u00e9e universitaire 2024\/2025 Tous <span class=\"readmore\"><a href=\"https:\/\/fge.usthb.dz\/index.php\/fiche-de-voeux\/\">Suite<\/a><\/span><\/p>\n","protected":false},"author":2,"featured_media":11217,"parent":0,"menu_order":0,"comment_status":"closed","ping_status":"closed","template":"","meta":{"footnotes":""},"class_list":["post-11213","page","type-page","status-publish","has-post-thumbnail","hentry"],"_links":{"self":[{"href":"https:\/\/fge.usthb.dz\/index.php\/wp-json\/wp\/v2\/pages\/11213","targetHints":{"allow":["GET"]}}],"collection":[{"href":"https:\/\/fge.usthb.dz\/index.php\/wp-json\/wp\/v2\/pages"}],"about":[{"href":"https:\/\/fge.usthb.dz\/index.php\/wp-json\/wp\/v2\/types\/page"}],"author":[{"embeddable":true,"href":"https:\/\/fge.usthb.dz\/index.php\/wp-json\/wp\/v2\/users\/2"}],"replies":[{"embeddable":true,"href":"https:\/\/fge.usthb.dz\/index.php\/wp-json\/wp\/v2\/comments?post=11213"}],"version-history":[{"count":2,"href":"https:\/\/fge.usthb.dz\/index.php\/wp-json\/wp\/v2\/pages\/11213\/revisions"}],"predecessor-version":[{"id":11216,"href":"https:\/\/fge.usthb.dz\/index.php\/wp-json\/wp\/v2\/pages\/11213\/revisions\/11216"}],"wp:featuredmedia":[{"embeddable":true,"href":"https:\/\/fge.usthb.dz\/index.php\/wp-json\/wp\/v2\/media\/11217"}],"wp:attachment":[{"href":"https:\/\/fge.usthb.dz\/index.php\/wp-json\/wp\/v2\/media?parent=11213"}],"curies":[{"name":"wp","href":"https:\/\/api.w.org\/{rel}","templated":true}]}}