{"id":17,"date":"2022-03-16T12:53:59","date_gmt":"2022-03-16T12:53:59","guid":{"rendered":"http:\/\/10.1.1.192\/dept_telecom\/?page_id=17"},"modified":"2026-02-09T08:58:58","modified_gmt":"2026-02-09T08:58:58","slug":"enseignants","status":"publish","type":"page","link":"https:\/\/fge.usthb.dz\/dept_telecom\/index.php\/enseignants\/","title":{"rendered":"Enseignants"},"content":{"rendered":"\n<h4 class=\"wp-block-heading has-text-color\" id=\"page-title\" style=\"color:#540f85\"><strong>Liste des enseignants <\/strong><\/h4>\n\n\n\n<p><a href=\"https:\/\/fge.usthb.dz\/wp-content\/uploads\/2026\/02\/Num-Tel-ENS-Telecom-et-emails.pdf\">Liste des Enseignants de T\u00e9l\u00e9communication 2024-2025<\/a><\/p>\n\n\n\n<ul class=\"wp-block-list\">\n<li><a href=\"https:\/\/fge.usthb.dz\/dept_telecom\/index.php\/abbou-djamel\/\">ABBOU Djamel<\/a><\/li>\n\n\n\n<li><a href=\"https:\/\/fge.usthb.dz\/dept_telecom\/index.php\/abidine-mhamed-bilal\/\">ABIDINE M&#8217;hamed Bilal<\/a><\/li>\n\n\n\n<li><a href=\"https:\/\/fge.usthb.dz\/dept_telecom\/index.php\/adane-amar\/\">ADANE Amar<\/a><\/li>\n\n\n\n<li><a href=\"https:\/\/fge.usthb.dz\/dept_telecom\/index.php\/aissani-siham\/\">AISSANI Siham<\/a><\/li>\n\n\n\n<li><a href=\"https:\/\/fge.usthb.dz\/dept_telecom\/index.php\/alilat-farid\/\">ALILAT Farid<\/a><\/li>\n\n\n\n<li><a href=\"https:\/\/fge.usthb.dz\/dept_telecom\/index.php\/aouina-karima\/\">AOUINA Karima<\/a><\/li>\n\n\n\n<li><a href=\"https:\/\/fge.usthb.dz\/dept_telecom\/index.php\/archi-abdelhamid\/\">ARCHI Abdelhamid<\/a><\/li>\n\n\n\n<li><a href=\"https:\/\/fge.usthb.dz\/dept_telecom\/index.php\/bakir-nadia\/\">BAKIR Nadia<\/a><\/li>\n\n\n\n<li><a href=\"https:\/\/fge.usthb.dz\/dept_telecom\/index.php\/bouchemakh-lynda\/\">BOUCHEMAKH Lynda<\/a><\/li>\n\n\n\n<li><a href=\"https:\/\/fge.usthb.dz\/dept_telecom\/index.php\/bouibed-mohamed-lamine\/\">BOUIBED Mohamed Lamine<\/a><\/li>\n\n\n\n<li><a href=\"https:\/\/fge.usthb.dz\/dept_telecom\/index.php\/bouhafs-khalfallah\/\">BOUHAFS Khalfallah<\/a><\/li>\n\n\n\n<li><a href=\"https:\/\/fge.usthb.dz\/dept_telecom\/index.php\/boulifa-mina\/\">BOULIFA Mina<\/a><\/li>\n\n\n\n<li><a href=\"https:\/\/fge.usthb.dz\/dept_telecom\/index.php\/bouzid-merouane\/\">BOUZID Merouane<\/a><\/li>\n\n\n\n<li><a href=\"https:\/\/fge.usthb.dz\/dept_telecom\/index.php\/chelali-fatma-zohra\/\">CHELALI Fatma Zohra<\/a><\/li>\n\n\n\n<li><a href=\"https:\/\/fge.usthb.dz\/dept_telecom\/index.php\/cheniti-mohamed\/\">CHENITI Mohamed<\/a><\/li>\n\n\n\n<li><a href=\"https:\/\/fge.usthb.dz\/dept_telecom\/index.php\/chibani-youcef\/\">CHIBANI Youcef<\/a><\/li>\n\n\n\n<li><a href=\"https:\/\/fge.usthb.dz\/dept_telecom\/index.php\/chitroub-salim\/\">CHITROUB Salim<\/a><\/li>\n\n\n\n<li><a href=\"https:\/\/fge.usthb.dz\/dept_telecom\/index.php\/debyeche-mohamed\/\">DEBYECHE Mohamed<\/a><\/li>\n\n\n\n<li><a href=\"https:\/\/fge.usthb.dz\/dept_telecom\/index.php\/derras-mohamed\/\">DERRAS Mohamed<\/a><\/li>\n\n\n\n<li><a href=\"https:\/\/fge.usthb.dz\/dept_telecom\/index.php\/djamai-mourad\/\">DJAMAI Mourad<\/a><\/li>\n\n\n\n<li><a href=\"https:\/\/fge.usthb.dz\/dept_telecom\/index.php\/farah-farid\/\">FARAH Farid<\/a><\/li>\n\n\n\n<li><a href=\"https:\/\/fge.usthb.dz\/dept_telecom\/index.php\/haddad-boualem\/\">HADDAD Boualem<\/a><\/li>\n\n\n\n<li><a href=\"https:\/\/fge.usthb.dz\/dept_telecom\/index.php\/halilali-abderrezak\/\">HALILALI Abderrezak<\/a><\/li>\n\n\n\n<li><a href=\"https:\/\/fge.usthb.dz\/dept_telecom\/index.php\/hamidia-mahfoud\/\">HAMIDIA Mahfoud<\/a><\/li>\n\n\n\n<li><a href=\"https:\/\/fge.usthb.dz\/dept_telecom\/index.php\/hamza-abdelkrim\/\">HAMZA Abdelkrim<\/a><\/li>\n\n\n\n<li>HANECHE Houria<\/li>\n\n\n\n<li>HARKAT Yacine<\/li>\n\n\n\n<li>HEMIS Mustapha<\/li>\n\n\n\n<li>HENNI Rahima<\/li>\n\n\n\n<li><a href=\"https:\/\/fge.usthb.dz\/dept_telecom\/index.php\/houari-keltoum\/\">HOUARI Keltoum<\/a><\/li>\n\n\n\n<li><a href=\"https:\/\/fge.usthb.dz\/dept_telecom\/index.php\/kemmouche-akila\/\">KEMMOUCHE Akila<\/a><\/li>\n\n\n\n<li>KEROUR Safia<\/li>\n\n\n\n<li><a href=\"https:\/\/fge.usthb.dz\/dept_telecom\/index.php\/kheddam-radja\/\">KHEDDAM Radja<\/a><\/li>\n\n\n\n<li>KHIDER Mohamed<\/li>\n\n\n\n<li><a href=\"https:\/\/fge.usthb.dz\/dept_telecom\/index.php\/kourgli-assia\/\">KOURGLI Assia<\/a><\/li>\n\n\n\n<li><a href=\"https:\/\/fge.usthb.dz\/dept_telecom\/index.php\/krobba-ahmed\/\">KROBBA Ahmed<\/a><\/li>\n\n\n\n<li><a href=\"https:\/\/fge.usthb.dz\/dept_telecom\/index.php\/labandji-samy\/\">LABANDJI Samy<\/a><\/li>\n\n\n\n<li><a href=\"https:\/\/fge.usthb.dz\/dept_telecom\/index.php\/layoul-hanane\/\">LAYOUL Hanane<\/a><\/li>\n\n\n\n<li>LICHOURI Mohamed<\/li>\n\n\n\n<li><a href=\"https:\/\/fge.usthb.dz\/dept_telecom\/index.php\/lounis-bahia\/\">LOUNIS Bahia<\/a><\/li>\n\n\n\n<li><a href=\"https:\/\/fge.usthb.dz\/dept_telecom\/index.php\/maamoun-mountassar\/\">MAAMOUN Mountassar<\/a><\/li>\n\n\n\n<li><a href=\"https:\/\/fge.usthb.dz\/dept_telecom\/index.php\/mazighi-khaled-houssam-eddine\/\">MAZIGHI Khaled Houssam Eddine<\/a><\/li>\n\n\n\n<li><a href=\"https:\/\/fge.usthb.dz\/dept_telecom\/index.php\/mekaoui-slimane\/\">MEKAOUI Slimane<\/a><\/li>\n\n\n\n<li><a href=\"https:\/\/fge.usthb.dz\/dept_telecom\/index.php\/meksen-thouraya\/\">MEKSEN Thouraya<\/a><\/li>\n\n\n\n<li>MENHOUR Ihsenne<\/li>\n\n\n\n<li><a href=\"https:\/\/fge.usthb.dz\/dept_telecom\/index.php\/merazka-fatiha\/\">MERAZKA Fatiha<\/a><\/li>\n\n\n\n<li><a href=\"https:\/\/fge.usthb.dz\/dept_telecom\/index.php\/metref-adel\/\">METREF Adel<\/a><\/li>\n\n\n\n<li>NACER Abdelghani<\/li>\n\n\n\n<li>NEMMOUR Hassiba<\/li>\n\n\n\n<li>OUAMOUR Siham<\/li>\n\n\n\n<li>OUARZEDDINE Mounira<\/li>\n\n\n\n<li>RAAF Ouarda<\/li>\n\n\n\n<li><a href=\"https:\/\/fge.usthb.dz\/dept_telecom\/index.php\/sadi-ahmed-nafissa\/\">SADI AHMED Nafissa<\/a><\/li>\n\n\n\n<li><a href=\"https:\/\/fge.usthb.dz\/dept_telecom\/index.php\/saighi-abdelhamid\/\">SAIGHI Abdelhamid<\/a><\/li>\n\n\n\n<li><a href=\"https:\/\/fge.usthb.dz\/dept_telecom\/index.php\/sayoud-akila\/\">SAYOUD Akila<\/a><\/li>\n\n\n\n<li><a href=\"https:\/\/fge.usthb.dz\/dept_telecom\/index.php\/sayoud-halim\/\">SAYOUD Halim<\/a><\/li>\n\n\n\n<li><a href=\"https:\/\/fge.usthb.dz\/dept_telecom\/index.php\/serir-amina\/\">SERIR Amina<\/a><\/li>\n\n\n\n<li><a href=\"https:\/\/fge.usthb.dz\/dept_telecom\/index.php\/skoudarli-abdellah\/\">SKOUDARLI Abdellah<\/a><\/li>\n\n\n\n<li><a href=\"https:\/\/fge.usthb.dz\/dept_telecom\/index.php\/souag-nadia\/\">SOUAG Nadia<\/a><\/li>\n\n\n\n<li><a href=\"https:\/\/fge.usthb.dz\/dept_telecom\/index.php\/souissi-boularbah\/\">SOUISSI Boularbah<\/a><\/li>\n\n\n\n<li><a href=\"https:\/\/fge.usthb.dz\/dept_telecom\/index.php\/zerari-ghania\/\">ZERARI Ghania<\/a><\/li>\n\n\n\n<li><a href=\"https:\/\/fge.usthb.dz\/dept_telecom\/index.php\/zergat-kawthar-yasmine\/\">ZERGAT Kawthar Yasmine<\/a><\/li>\n<\/ul>\n\n\n\n<p class=\"has-text-color\" style=\"color:#591064\"><strong>HEURES COMPL\u00c9MENTAIRES:&nbsp;<\/strong><\/p>\n\n\n\n<p><a href=\"https:\/\/fge.usthb.dz\/dept_telecom\/wp-content\/uploads\/2024\/06\/Acte-dengagement-Mod.pdf\">Acte d\u2019Engagement<\/a><\/p>\n\n\n\n<p><a href=\"https:\/\/fge.usthb.dz\/wp-content\/uploads\/2022\/11\/Etata-mensuel-des-taches-accessoires-FGE-2-1.pdf\">Etat Mensuel des Taches Accessoires<\/a><\/p>\n\n\n\n<p><a href=\"https:\/\/fge.usthb.dz\/wp-content\/uploads\/2022\/11\/Notice-de-Renseignement-FGE-2.pdf\">Notice de Renseignement<\/a><\/p>\n\n\n\n<p><\/p>\n","protected":false},"excerpt":{"rendered":"<p>Liste des enseignants Liste des Enseignants de T\u00e9l\u00e9communication 2024-2025 HEURES COMPL\u00c9MENTAIRES:&nbsp; Acte d\u2019Engagement Etat Mensuel <span class=\"readmore\"><a href=\"https:\/\/fge.usthb.dz\/dept_telecom\/index.php\/enseignants\/\">Suite<\/a><\/span><\/p>\n","protected":false},"author":1,"featured_media":0,"parent":0,"menu_order":0,"comment_status":"closed","ping_status":"closed","template":"","meta":{"footnotes":""},"class_list":["post-17","page","type-page","status-publish","hentry"],"_links":{"self":[{"href":"https:\/\/fge.usthb.dz\/dept_telecom\/index.php\/wp-json\/wp\/v2\/pages\/17","targetHints":{"allow":["GET"]}}],"collection":[{"href":"https:\/\/fge.usthb.dz\/dept_telecom\/index.php\/wp-json\/wp\/v2\/pages"}],"about":[{"href":"https:\/\/fge.usthb.dz\/dept_telecom\/index.php\/wp-json\/wp\/v2\/types\/page"}],"author":[{"embeddable":true,"href":"https:\/\/fge.usthb.dz\/dept_telecom\/index.php\/wp-json\/wp\/v2\/users\/1"}],"replies":[{"embeddable":true,"href":"https:\/\/fge.usthb.dz\/dept_telecom\/index.php\/wp-json\/wp\/v2\/comments?post=17"}],"version-history":[{"count":140,"href":"https:\/\/fge.usthb.dz\/dept_telecom\/index.php\/wp-json\/wp\/v2\/pages\/17\/revisions"}],"predecessor-version":[{"id":1063,"href":"https:\/\/fge.usthb.dz\/dept_telecom\/index.php\/wp-json\/wp\/v2\/pages\/17\/revisions\/1063"}],"wp:attachment":[{"href":"https:\/\/fge.usthb.dz\/dept_telecom\/index.php\/wp-json\/wp\/v2\/media?parent=17"}],"curies":[{"name":"wp","href":"https:\/\/api.w.org\/{rel}","templated":true}]}}