{"id":13,"date":"2022-03-16T12:53:59","date_gmt":"2022-03-16T12:53:59","guid":{"rendered":"http:\/\/10.1.1.192\/dept_telecom\/?page_id=13"},"modified":"2023-01-30T11:53:46","modified_gmt":"2023-01-30T11:53:46","slug":"presentation","status":"publish","type":"page","link":"https:\/\/fge.usthb.dz\/dept_telecom\/index.php\/presentation\/","title":{"rendered":"Pr\u00e9sentation"},"content":{"rendered":"\n<p>La T\u00e9l\u00e9communication  c&#8217;est toute transmission, \u00e9mission et r\u00e9ception \u00e0 distance, de signes, de signaux, d\u2019\u00e9crits, d\u2019images, de sons ou de renseignements de toutes natures, par fil \u00e9lectrique, radio\u00e9lectricit\u00e9, liaison optique, ou autres syst\u00e8mes \u00e9lectromagn\u00e9tiques.<\/p>\n\n\n\n<p>Cr\u00e9ation de D\u00e9partement de T\u00e9l\u00e9communication (Arr\u00eat\u00e9 N\u00b057 du 26 janvier 2022) de la Facult\u00e9 de G\u00e9nie Electrique (D\u00e9cret ex\u00e9cutif n\u00b0 21-467 du 21 novembre 2021) .<\/p>\n\n\n\n<p><a href=\"https:\/\/fge.usthb.dz\/dept_electro\/wp-content\/uploads\/2022\/05\/\u0642\u0631\u0627\u0631-057-\u0625\u0646\u0634\u0627\u0621-\u0627\u0644\u0623\u0642\u0633\u0627\u0645-\u0643\u0644\u064a\u0629-\u0627\u0644\u0647\u0646\u062f\u0633\u0629-\u0627\u0644\u0643\u0647\u0631\u0628\u0627\u0626\u064a\u0629-\u062c\u0627\u0645\u0639\u0629-\u0647\u0648\u0627\u0631\u064a-\u0628\u0648\u0645\u062f\u064a\u0646.pdf\">La d\u00e9cision de cr\u00e9er un d\u00e9partement T\u00e9l\u00e9communication<\/a><\/p>\n","protected":false},"excerpt":{"rendered":"<p>La T\u00e9l\u00e9communication c&#8217;est toute transmission, \u00e9mission et r\u00e9ception \u00e0 distance, de signes, de signaux, d\u2019\u00e9crits, <span class=\"readmore\"><a href=\"https:\/\/fge.usthb.dz\/dept_telecom\/index.php\/presentation\/\">Suite<\/a><\/span><\/p>\n","protected":false},"author":1,"featured_media":0,"parent":0,"menu_order":0,"comment_status":"closed","ping_status":"closed","template":"","meta":{"footnotes":""},"class_list":["post-13","page","type-page","status-publish","hentry"],"_links":{"self":[{"href":"https:\/\/fge.usthb.dz\/dept_telecom\/index.php\/wp-json\/wp\/v2\/pages\/13","targetHints":{"allow":["GET"]}}],"collection":[{"href":"https:\/\/fge.usthb.dz\/dept_telecom\/index.php\/wp-json\/wp\/v2\/pages"}],"about":[{"href":"https:\/\/fge.usthb.dz\/dept_telecom\/index.php\/wp-json\/wp\/v2\/types\/page"}],"author":[{"embeddable":true,"href":"https:\/\/fge.usthb.dz\/dept_telecom\/index.php\/wp-json\/wp\/v2\/users\/1"}],"replies":[{"embeddable":true,"href":"https:\/\/fge.usthb.dz\/dept_telecom\/index.php\/wp-json\/wp\/v2\/comments?post=13"}],"version-history":[{"count":7,"href":"https:\/\/fge.usthb.dz\/dept_telecom\/index.php\/wp-json\/wp\/v2\/pages\/13\/revisions"}],"predecessor-version":[{"id":425,"href":"https:\/\/fge.usthb.dz\/dept_telecom\/index.php\/wp-json\/wp\/v2\/pages\/13\/revisions\/425"}],"wp:attachment":[{"href":"https:\/\/fge.usthb.dz\/dept_telecom\/index.php\/wp-json\/wp\/v2\/media?parent=13"}],"curies":[{"name":"wp","href":"https:\/\/api.w.org\/{rel}","templated":true}]}}