{"id":28,"date":"2022-03-24T08:22:36","date_gmt":"2022-03-24T08:22:36","guid":{"rendered":"http:\/\/10.1.1.192\/dept_electrotec\/?page_id=28"},"modified":"2022-06-20T11:23:28","modified_gmt":"2022-06-20T11:23:28","slug":"contacts","status":"publish","type":"page","link":"https:\/\/fge.usthb.dz\/dept_electrotec\/index.php\/contacts\/","title":{"rendered":"Contacts"},"content":{"rendered":"\n<p>RESPONSABLES DU D\u00c9PARTEMENT :<\/p>\n\n\n\n<p><br>Chef de D\u00e9partement \u00c9lectrotechnique :  Mr HASNI Mourad<br>E-mail : <a href=\"hasnimourad2001@yahoo.fr\">hasnimourad2001@yahoo.fr<\/a><\/p>\n\n\n\n<p>Adjoint du Chef de D\u00e9partement charg\u00e9 de la p\u00e9dagogie : Mr MESSADI Mohamed<br>E-mail: <a href=\"messadi_m@yahoo.fr\">messadi_m@yahoo.fr<\/a><\/p>\n\n\n\n<p>Adjoint du Chef de D\u00e9partement charg\u00e9 de la Post-Graduation : Mr ABOURA Faouzi<br>E-mail: <a href=\"Aboura.faouzi@gmail.com\">Aboura.faouzi@gmail.com<\/a><\/p>\n\n\n\n<p>Responsable de la fili\u00e8re \u00c9lectrotechnique : Mr TIGUERCHA Ahmed<br>E-mail : <a href=\"tiguercha.ahmed@gmail.com\">tiguercha.ahmed@gmail.com<\/a><\/p>\n\n\n\n<p>Responsable de la sp\u00e9cialit\u00e9 \u00c9lectrotechnique : Mr EL MAOUHAB Ali<br>E-mail : <a href=\"elmaouhabusthb@gmail.com\">elmaouhabusthb@gmail.com<\/a><\/p>\n\n\n\n<p>Responsable de Master G\u00e9nie des Syst\u00e8mes Industriels et Tertiaires (GSIT) : GUEDOUANI Rabia<br>E-mail:  <a href=\"guedouanirabea@yahoo.fr\">guedouanirabea@yahoo.fr<\/a><\/p>\n\n\n\n<p>Responsable de Master  Machines Electriques (ME): YAZID Krim<br>E-mail: <a href=\"kyazid@usthb.dz\">kyazid@usthb.dz<\/a><\/p>\n\n\n\n<p id=\"block-9950732c-0862-4a12-9e4b-d52fd3c13649\">Responsable de Master  R\u00e9seaux Electriques (RE): LADJICI Med Amine<br>E-mail: <a href=\"http:\/\/ladjici.amine@gmail.com ladjici_amine@yahoo.fr\">ladjici.amine@gmail.com <\/a> <a href=\"http:\/\/ladjici.amine@gmail.com ladjici_amine@yahoo.fr\">ladjici_amine@yahoo.fr<\/a><\/p>\n\n\n\n<p>Responsable de Master Electrotechnique Industrielle (EI): MENAA Mohamed<br>E-mail: <a href=\"m_menaa@yahoo.fr\">m_menaa@yahoo.fr<\/a><\/p>\n\n\n\n<p>Responsable de Master  Energies Renouvelables en Electrotechnique (ERE): KOUBA Nour Elyakin<br>E-mail: <a href=\"koubanour@gmail.com\">koubanour@gmail.com<\/a><\/p>\n\n\n\n<p id=\"block-c763d5c5-6eeb-44f6-891e-854bb09134dd\"><\/p>\n\n\n\n<p id=\"block-d80a8968-a169-4863-9523-1fd53205b391\"><\/p>\n\n\n\n<p id=\"block-b5bf4a5c-6cc7-4353-b1ed-b73111922dbf\"><\/p>\n\n\n\n<p id=\"block-62c97827-087d-424a-ac10-81ffd7026856\"><\/p>\n","protected":false},"excerpt":{"rendered":"<p>RESPONSABLES DU D\u00c9PARTEMENT : Chef de D\u00e9partement \u00c9lectrotechnique : Mr HASNI MouradE-mail : hasnimourad2001@yahoo.fr Adjoint <span class=\"readmore\"><a href=\"https:\/\/fge.usthb.dz\/dept_electrotec\/index.php\/contacts\/\">Suite<\/a><\/span><\/p>\n","protected":false},"author":2,"featured_media":0,"parent":0,"menu_order":0,"comment_status":"closed","ping_status":"closed","template":"","meta":{"footnotes":""},"class_list":["post-28","page","type-page","status-publish","hentry"],"_links":{"self":[{"href":"https:\/\/fge.usthb.dz\/dept_electrotec\/index.php\/wp-json\/wp\/v2\/pages\/28","targetHints":{"allow":["GET"]}}],"collection":[{"href":"https:\/\/fge.usthb.dz\/dept_electrotec\/index.php\/wp-json\/wp\/v2\/pages"}],"about":[{"href":"https:\/\/fge.usthb.dz\/dept_electrotec\/index.php\/wp-json\/wp\/v2\/types\/page"}],"author":[{"embeddable":true,"href":"https:\/\/fge.usthb.dz\/dept_electrotec\/index.php\/wp-json\/wp\/v2\/users\/2"}],"replies":[{"embeddable":true,"href":"https:\/\/fge.usthb.dz\/dept_electrotec\/index.php\/wp-json\/wp\/v2\/comments?post=28"}],"version-history":[{"count":22,"href":"https:\/\/fge.usthb.dz\/dept_electrotec\/index.php\/wp-json\/wp\/v2\/pages\/28\/revisions"}],"predecessor-version":[{"id":153,"href":"https:\/\/fge.usthb.dz\/dept_electrotec\/index.php\/wp-json\/wp\/v2\/pages\/28\/revisions\/153"}],"wp:attachment":[{"href":"https:\/\/fge.usthb.dz\/dept_electrotec\/index.php\/wp-json\/wp\/v2\/media?parent=28"}],"curies":[{"name":"wp","href":"https:\/\/api.w.org\/{rel}","templated":true}]}}