{"id":23,"date":"2022-03-24T08:22:36","date_gmt":"2022-03-24T08:22:36","guid":{"rendered":"http:\/\/10.1.1.192\/dept_electrotec\/?page_id=23"},"modified":"2026-03-01T09:20:58","modified_gmt":"2026-03-01T09:20:58","slug":"deliberation","status":"publish","type":"page","link":"https:\/\/fge.usthb.dz\/dept_electrotec\/index.php\/deliberation\/","title":{"rendered":"D\u00e9lib\u00e9ration"},"content":{"rendered":"\n<p><strong>Licence<\/strong><\/p>\n\n\n\n<p><a href=\"https:\/\/drive.google.com\/drive\/folders\/1JcOQSaMZo3a45ehU6pMoycJxHaz0y8MK\">PV de d\u00e9lib\u00e9ration \u00e9lectrotechnique 2025-2026<\/a><\/p>\n\n\n\n<p><strong>Master<\/strong><\/p>\n\n\n\n<p><a href=\"https:\/\/drive.google.com\/drive\/folders\/162u9iLKzPQ31UA1B9sCyF7lmB3fxoEMB\">PV de d\u00e9lib\u00e9ration \u00e9lectrotechnique 2025-2026<\/a><\/p>\n\n\n\n<p><a href=\"https:\/\/drive.google.com\/drive\/folders\/1IL4bFGh4t-4MJZhp_v6SG7nVLOCFmtXA\">PV de \u00e9lib\u00e9ration M2 ELT apr\u00e8s rattrapage<\/a><\/p>\n\n\n\n<p><strong>Ing\u00e9niorat<\/strong><\/p>\n\n\n\n<p><a href=\"https:\/\/drive.google.com\/drive\/folders\/1br4ODmnrlCRiNY1dxkz6kdgkYOv5TkR1\">PV de d\u00e9lib\u00e9ration \u00e9lectrotechnique 2025-2026<\/a><\/p>\n\n\n\n<p><strong>TRONC COMMUN<\/strong><\/p>\n\n\n\n<p><a href=\"https:\/\/drive.google.com\/drive\/folders\/1Dm0JVJ7U6gPRm1aCI26PjFQa48VIz9rH\">PV de d\u00e9lib\u00e9ration ING G\u00e9nie \u00c9lectrique (ELT) 2025-2026<\/a><\/p>\n\n\n\n<p><\/p>\n","protected":false},"excerpt":{"rendered":"<p>Licence PV de d\u00e9lib\u00e9ration \u00e9lectrotechnique 2025-2026 Master PV de d\u00e9lib\u00e9ration \u00e9lectrotechnique 2025-2026 PV de \u00e9lib\u00e9ration <span class=\"readmore\"><a href=\"https:\/\/fge.usthb.dz\/dept_electrotec\/index.php\/deliberation\/\">Suite<\/a><\/span><\/p>\n","protected":false},"author":2,"featured_media":264,"parent":0,"menu_order":0,"comment_status":"closed","ping_status":"closed","template":"","meta":{"footnotes":""},"class_list":["post-23","page","type-page","status-publish","has-post-thumbnail","hentry"],"_links":{"self":[{"href":"https:\/\/fge.usthb.dz\/dept_electrotec\/index.php\/wp-json\/wp\/v2\/pages\/23","targetHints":{"allow":["GET"]}}],"collection":[{"href":"https:\/\/fge.usthb.dz\/dept_electrotec\/index.php\/wp-json\/wp\/v2\/pages"}],"about":[{"href":"https:\/\/fge.usthb.dz\/dept_electrotec\/index.php\/wp-json\/wp\/v2\/types\/page"}],"author":[{"embeddable":true,"href":"https:\/\/fge.usthb.dz\/dept_electrotec\/index.php\/wp-json\/wp\/v2\/users\/2"}],"replies":[{"embeddable":true,"href":"https:\/\/fge.usthb.dz\/dept_electrotec\/index.php\/wp-json\/wp\/v2\/comments?post=23"}],"version-history":[{"count":21,"href":"https:\/\/fge.usthb.dz\/dept_electrotec\/index.php\/wp-json\/wp\/v2\/pages\/23\/revisions"}],"predecessor-version":[{"id":1012,"href":"https:\/\/fge.usthb.dz\/dept_electrotec\/index.php\/wp-json\/wp\/v2\/pages\/23\/revisions\/1012"}],"wp:featuredmedia":[{"embeddable":true,"href":"https:\/\/fge.usthb.dz\/dept_electrotec\/index.php\/wp-json\/wp\/v2\/media\/264"}],"wp:attachment":[{"href":"https:\/\/fge.usthb.dz\/dept_electrotec\/index.php\/wp-json\/wp\/v2\/media?parent=23"}],"curies":[{"name":"wp","href":"https:\/\/api.w.org\/{rel}","templated":true}]}}