{"id":26,"date":"2022-03-20T10:23:15","date_gmt":"2022-03-20T10:23:15","guid":{"rendered":"http:\/\/10.1.1.192\/dept_electro\/?page_id=26"},"modified":"2022-11-24T10:37:21","modified_gmt":"2022-11-24T10:37:21","slug":"master","status":"publish","type":"page","link":"https:\/\/fge.usthb.dz\/dept_electro\/index.php\/master\/","title":{"rendered":"Master"},"content":{"rendered":"\n<p>LE D\u00c9PARTEMENT ASSURE DEUX OFFRES DE FORMATION EN MASTER :<\/p>\n\n\n\n<ul class=\"wp-block-list\"><li>Master Instrumentation INST Responsable : Pr KEDIR MALIKA<\/li><\/ul>\n\n\n\n<p><a href=\"https:\/\/fge.usthb.dz\/dept_electro\/wp-content\/uploads\/2022\/11\/Master-Instrumentation.pdf\">Instrumentation INST<\/a><\/p>\n\n\n\n<ul class=\"wp-block-list\"><li>Master \u00c9lectronique des Syst\u00e8mes Embarqu\u00e9s (ESE) Responsable : Dr CHEKIR AMIRA<\/li><\/ul>\n\n\n\n<p><a href=\"https:\/\/fge.usthb.dz\/dept_electro\/wp-content\/uploads\/2022\/11\/Master-Electronique-des-Systemes-Embarques.pdf\">Electronique des Syst\u00e8mes Embarqu\u00e9s ESE<\/a><\/p>\n\n\n\n<p><\/p>\n\n\n\n<p><\/p>\n\n\n\n<p><\/p>\n\n\n\n<p><a href=\"http:\/\/fge.usthb.dz\/Dept_Inst_Auto\/?q=node\/44\"><\/a><\/p>\n\n\n\n<p><br><\/p>\n","protected":false},"excerpt":{"rendered":"<p>LE D\u00c9PARTEMENT ASSURE DEUX OFFRES DE FORMATION EN MASTER : Master Instrumentation INST Responsable : <span class=\"readmore\"><a href=\"https:\/\/fge.usthb.dz\/dept_electro\/index.php\/master\/\">Suite<\/a><\/span><\/p>\n","protected":false},"author":2,"featured_media":0,"parent":0,"menu_order":0,"comment_status":"closed","ping_status":"closed","template":"","meta":{"footnotes":""},"class_list":["post-26","page","type-page","status-publish","hentry"],"_links":{"self":[{"href":"https:\/\/fge.usthb.dz\/dept_electro\/index.php\/wp-json\/wp\/v2\/pages\/26","targetHints":{"allow":["GET"]}}],"collection":[{"href":"https:\/\/fge.usthb.dz\/dept_electro\/index.php\/wp-json\/wp\/v2\/pages"}],"about":[{"href":"https:\/\/fge.usthb.dz\/dept_electro\/index.php\/wp-json\/wp\/v2\/types\/page"}],"author":[{"embeddable":true,"href":"https:\/\/fge.usthb.dz\/dept_electro\/index.php\/wp-json\/wp\/v2\/users\/2"}],"replies":[{"embeddable":true,"href":"https:\/\/fge.usthb.dz\/dept_electro\/index.php\/wp-json\/wp\/v2\/comments?post=26"}],"version-history":[{"count":15,"href":"https:\/\/fge.usthb.dz\/dept_electro\/index.php\/wp-json\/wp\/v2\/pages\/26\/revisions"}],"predecessor-version":[{"id":436,"href":"https:\/\/fge.usthb.dz\/dept_electro\/index.php\/wp-json\/wp\/v2\/pages\/26\/revisions\/436"}],"wp:attachment":[{"href":"https:\/\/fge.usthb.dz\/dept_electro\/index.php\/wp-json\/wp\/v2\/media?parent=26"}],"curies":[{"name":"wp","href":"https:\/\/api.w.org\/{rel}","templated":true}]}}