{"id":14,"date":"2022-03-20T10:20:34","date_gmt":"2022-03-20T10:20:34","guid":{"rendered":"http:\/\/10.1.1.192\/dept_electro\/?page_id=14"},"modified":"2025-07-13T12:29:00","modified_gmt":"2025-07-13T12:29:00","slug":"scolarite","status":"publish","type":"page","link":"https:\/\/fge.usthb.dz\/dept_electro\/index.php\/scolarite\/","title":{"rendered":"Scolarit\u00e9"},"content":{"rendered":"\n<p><a href=\"https:\/\/fge.usthb.dz\/dept_electro\/index.php\/documents-administratifs\/\">Notes aux \u00e9tudiants<\/a><\/p>\n\n\n\n<p><a href=\"https:\/\/fge.usthb.dz\/dept_electro\/index.php\/emploi-du-temps\/\">Emplois du temps<\/a><\/p>\n\n\n\n<p><a href=\"https:\/\/fge.usthb.dz\/dept_electro\/index.php\/examen\/\">Examen<\/a><\/p>\n\n\n\n<p><a href=\"https:\/\/fge.usthb.dz\/dept_electro\/index.php\/deliberation\/\">D\u00e9lib\u00e9ration<\/a><\/p>\n","protected":false},"excerpt":{"rendered":"<p>Notes aux \u00e9tudiants Emplois du temps Examen D\u00e9lib\u00e9ration<\/p>\n","protected":false},"author":2,"featured_media":0,"parent":0,"menu_order":0,"comment_status":"closed","ping_status":"closed","template":"","meta":{"footnotes":""},"class_list":["post-14","page","type-page","status-publish","hentry"],"_links":{"self":[{"href":"https:\/\/fge.usthb.dz\/dept_electro\/index.php\/wp-json\/wp\/v2\/pages\/14","targetHints":{"allow":["GET"]}}],"collection":[{"href":"https:\/\/fge.usthb.dz\/dept_electro\/index.php\/wp-json\/wp\/v2\/pages"}],"about":[{"href":"https:\/\/fge.usthb.dz\/dept_electro\/index.php\/wp-json\/wp\/v2\/types\/page"}],"author":[{"embeddable":true,"href":"https:\/\/fge.usthb.dz\/dept_electro\/index.php\/wp-json\/wp\/v2\/users\/2"}],"replies":[{"embeddable":true,"href":"https:\/\/fge.usthb.dz\/dept_electro\/index.php\/wp-json\/wp\/v2\/comments?post=14"}],"version-history":[{"count":6,"href":"https:\/\/fge.usthb.dz\/dept_electro\/index.php\/wp-json\/wp\/v2\/pages\/14\/revisions"}],"predecessor-version":[{"id":1162,"href":"https:\/\/fge.usthb.dz\/dept_electro\/index.php\/wp-json\/wp\/v2\/pages\/14\/revisions\/1162"}],"wp:attachment":[{"href":"https:\/\/fge.usthb.dz\/dept_electro\/index.php\/wp-json\/wp\/v2\/media?parent=14"}],"curies":[{"name":"wp","href":"https:\/\/api.w.org\/{rel}","templated":true}]}}