{"id":16,"date":"2022-03-10T13:40:26","date_gmt":"2022-03-10T13:40:26","guid":{"rendered":"http:\/\/10.1.1.192\/dept_auto\/?page_id=16"},"modified":"2024-01-18T10:49:35","modified_gmt":"2024-01-18T10:49:35","slug":"contacts-2","status":"publish","type":"page","link":"https:\/\/fge.usthb.dz\/dept_auto\/index.php\/contacts-2\/","title":{"rendered":"Contacts"},"content":{"rendered":"\n<p>RESPONSABLES DU D\u00c9PARTEMENT :<\/p>\n\n\n\n<p><br><\/p>\n\n\n\n<p><strong>Chef de D\u00e9partement Automatique<\/strong> : Dr BOURIACHI Fares<br>E-mail : <a href=\"https:\/\/fge.usthb.dz\/dept_auto\/index.php\/contacts-2\/faresaiits@gmail.com\">faresaiits@gmail.com<\/a><\/p>\n\n\n\n<p><strong>Adjoint de d\u00e9partement Automatique<\/strong>&nbsp;: Dr CHAABNA Ameur<\/p>\n\n\n\n<p>Responsable de la sp\u00e9cialit\u00e9 Automatique&nbsp;<\/p>\n\n\n\n<p>E-mail&nbsp;: <a href=\"mailto:chaabnaameur@gmail.com\">chaabnaameur@gmail.com<\/a><\/p>\n\n\n\n<p><strong>Responsable de la fili\u00e8re Automatique<\/strong> : Dr BOUTELLA LEILA<br>E-mail: <a href=\"mailto:lboutella@hotmail.com\">lboutella@hotmail.com<\/a><\/p>\n\n\n\n<p><strong>Responsable de la sp\u00e9cialit\u00e9 Automatique des syst\u00e8mes&nbsp;<\/strong><strong>:<\/strong> BENRABEH Mohamed<\/p>\n\n\n\n<p>E-mail&nbsp;: <a href=\"mailto:mohamed.benrabah@usthb.edu.dz\" target=\"_blank\" rel=\"noreferrer noopener\">mohamed.benrabah@usthb.edu.dz<\/a><\/p>\n\n\n\n<p>Responsable de la sp\u00e9cialit\u00e9 Automatisation Industries et Process&nbsp;: MECHAT Nabil<\/p>\n\n\n\n<p>E-mail&nbsp;: <a href=\"mailto:nabil.mechat@usthb.edu.dz\" target=\"_blank\" rel=\"noreferrer noopener\">nabil.mechat@usthb.edu.dz<\/a><\/p>\n\n\n\n<p><\/p>\n\n\n\n<p><\/p>\n","protected":false},"excerpt":{"rendered":"<p>RESPONSABLES DU D\u00c9PARTEMENT : Chef de D\u00e9partement Automatique : Dr BOURIACHI FaresE-mail : faresaiits@gmail.com Adjoint <span class=\"readmore\"><a href=\"https:\/\/fge.usthb.dz\/dept_auto\/index.php\/contacts-2\/\">Suite<\/a><\/span><\/p>\n","protected":false},"author":1,"featured_media":0,"parent":0,"menu_order":0,"comment_status":"closed","ping_status":"closed","template":"","meta":{"footnotes":""},"class_list":["post-16","page","type-page","status-publish","hentry"],"_links":{"self":[{"href":"https:\/\/fge.usthb.dz\/dept_auto\/index.php\/wp-json\/wp\/v2\/pages\/16","targetHints":{"allow":["GET"]}}],"collection":[{"href":"https:\/\/fge.usthb.dz\/dept_auto\/index.php\/wp-json\/wp\/v2\/pages"}],"about":[{"href":"https:\/\/fge.usthb.dz\/dept_auto\/index.php\/wp-json\/wp\/v2\/types\/page"}],"author":[{"embeddable":true,"href":"https:\/\/fge.usthb.dz\/dept_auto\/index.php\/wp-json\/wp\/v2\/users\/1"}],"replies":[{"embeddable":true,"href":"https:\/\/fge.usthb.dz\/dept_auto\/index.php\/wp-json\/wp\/v2\/comments?post=16"}],"version-history":[{"count":9,"href":"https:\/\/fge.usthb.dz\/dept_auto\/index.php\/wp-json\/wp\/v2\/pages\/16\/revisions"}],"predecessor-version":[{"id":549,"href":"https:\/\/fge.usthb.dz\/dept_auto\/index.php\/wp-json\/wp\/v2\/pages\/16\/revisions\/549"}],"wp:attachment":[{"href":"https:\/\/fge.usthb.dz\/dept_auto\/index.php\/wp-json\/wp\/v2\/media?parent=16"}],"curies":[{"name":"wp","href":"https:\/\/api.w.org\/{rel}","templated":true}]}}